{"id":1551,"date":"2022-12-02T20:34:57","date_gmt":"2022-12-02T19:34:57","guid":{"rendered":"https:\/\/tauchclub-seepferdchen.at\/wordpress\/?page_id=1551"},"modified":"2025-05-29T11:50:31","modified_gmt":"2025-05-29T09:50:31","slug":"veranstaltungen-ergebnisse","status":"publish","type":"page","link":"https:\/\/tauchclub-seepferdchen.at\/wordpress\/veranstaltungen-ergebnisse\/","title":{"rendered":"Veranstaltungen, Ergebnisse"},"content":{"rendered":"<p><b>Zuk\u00fcnftige Veranstaltungen<\/b><\/p>\n<table>\n<tbody>\n<tr>\n<th>Datum<\/th>\n<th><b>Veranstaltung<\/b><\/th>\n<th>Ausschreibung<\/th>\n<th>Ergebnisse<\/th>\n<\/tr>\n<tr>\n<td>31. Mai &#8211; 01. Juni 2025<\/td>\n<td>TSV\u00d6: \u00d6sterreichische Staatsmeisterschaften<\/td>\n<td><a href=\"..\/wp-content\/uploads\/announcements\/i-fs-ostm-25.pdf\"><img decoding=\"async\" src=\"..\/wp-content\/uploads\/results\/30_30.jpg\" alt=\"\" \/><\/a><\/td>\n<td>&#8211;<\/td>\n<\/tr>\n<\/tbody>\n<\/table>\n<p><b>Vergangene Veranstaltungen<\/b><\/p>\n<table>\n<tbody>\n<tr>\n<th>Datum<\/th>\n<th><b>Veranstaltung<\/b><\/th>\n<th>Ausschreibung<\/th>\n<th>Ergebnisse<\/th>\n<\/tr>\n<tr>\n<td>09. M\u00e4rz 2025<\/td>\n<td>TSV\u00d6: LM Ober\u00f6sterreich<\/td>\n<td><a href=\"..\/wp-content\/uploads\/announcements\/i_fs_lmoo_25.pdf\"><img decoding=\"async\" src=\"..\/wp-content\/uploads\/results\/30_30.jpg\" alt=\"\" \/><\/a><\/td>\n<td><a href=\"..\/wp-content\/uploads\/results\/r-fs-lmoo-25.pdf\"><img decoding=\"async\" src=\"..\/wp-content\/uploads\/results\/30_30.jpg\" alt=\"\" \/><\/a><\/td>\n<\/tr>\n<tr>\n<td>25.-26 Mai 2024<\/td>\n<td>TSV\u00d6: \u00d6sterreichische Staatsmeisterschaften<\/td>\n<td><a href=\"..\/wp-content\/uploads\/announcements\/i-fs-ostm-24.pdf\"><img decoding=\"async\" src=\"..\/wp-content\/uploads\/results\/30_30.jpg\" alt=\"\" \/><\/a><\/td>\n<td><a href=\"..\/wp-content\/uploads\/results\/r-fs-ostm-24.pdf\"><img decoding=\"async\" src=\"..\/wp-content\/uploads\/results\/30_30.jpg\" alt=\"\" \/><\/a><\/td>\n<\/tr>\n<tr>\n<td>03. M\u00e4rz 2024<\/td>\n<td>TSV\u00d6: LM Ober\u00f6sterreich<\/td>\n<td><a href=\"..\/wp-content\/uploads\/announcements\/i-fs-lmoo-24.pdf\"><img decoding=\"async\" src=\"..\/wp-content\/uploads\/results\/30_30.jpg\" alt=\"\" \/><\/a><\/td>\n<td><a href=\"..\/wp-content\/uploads\/results\/r-fs-lmoo-24.pdf\"><img decoding=\"async\" src=\"..\/wp-content\/uploads\/results\/30_30.jpg\" alt=\"\" \/><\/a><\/td>\n<\/tr>\n<tr>\n<td>04. Juni 2023<\/td>\n<td>\u00d6STM Flossenschwimmen (Lange Strecken)<\/td>\n<td><a href=\"..\/wp-content\/uploads\/announcements\/i-fs-ostm-de-23-v1.2.pdf\"><img decoding=\"async\" src=\"..\/wp-content\/uploads\/results\/30_30.jpg\" alt=\"\" \/><\/a><\/td>\n<td><a href=\"..\/wp-content\/uploads\/results\/r-fs-ostm-23-part2.pdf\"><img decoding=\"async\" src=\"..\/wp-content\/uploads\/results\/30_30.jpg\" alt=\"\" \/><\/a><\/td>\n<\/tr>\n<tr>\n<td>10.-11. Juni 2023<\/td>\n<td>\u00d6sterreichische Kindermeisterschften Flossenschwimmen<\/td>\n<td><a href=\"..\/wp-content\/uploads\/announcements\/i-fs-oekms-23.pdf\"><img decoding=\"async\" src=\"..\/wp-content\/uploads\/results\/30_30.jpg\" alt=\"\" \/><\/a><\/td>\n<td><a href=\"..\/wp-content\/uploads\/results\/r-fs-oekms-23.pdf\"><img decoding=\"async\" src=\"..\/wp-content\/uploads\/results\/30_30.jpg\" alt=\"\" \/><\/a><\/td>\n<\/tr>\n<tr>\n<td>06.-07. Mai 2023<\/td>\n<td>\u00d6STM Flossenschwimmen (Kurze Strecken)<\/td>\n<td><a href=\"..\/wp-content\/uploads\/announcements\/i-fs-ostm-de-23-v1.2.pdf\"><img decoding=\"async\" src=\"..\/wp-content\/uploads\/results\/30_30.jpg\" alt=\"\" \/><\/a><\/td>\n<td><a href=\"..\/wp-content\/uploads\/results\/r-fs-ostm-23-part1.pdf\"><img decoding=\"async\" src=\"..\/wp-content\/uploads\/results\/30_30.jpg\" alt=\"\" \/><\/a><\/td>\n<\/tr>\n<tr>\n<td>19. M\u00e4rz 2023<\/td>\n<td>\u00d6STM\/\u00d6JM Flossenschwimmen (Langstrecken)<\/td>\n<td><a href=\"..\/wp-content\/uploads\/announcements\/42. LM-Ausschreibung_V1 2023.pdf\"><img decoding=\"async\" src=\"..\/wp-content\/uploads\/results\/30_30.jpg\" alt=\"\" \/><\/a><\/td>\n<td><a href=\"..\/wp-content\/uploads\/results\/rs-fs-lmooe2023.pdf\"><img decoding=\"async\" src=\"..\/wp-content\/uploads\/results\/30_30.jpg\" alt=\"\" \/><\/a><\/td>\n<\/tr>\n<tr>\n<td>28.-29. J\u00e4nner 2023<\/td>\n<td>\u00d6sterreichische Hallenmeisterschaften im Flossenschwimmen<\/td>\n<td><a href=\"..\/wp-content\/uploads\/announcements\/International_Indoor_Austrian_Championships-Ausschreibung_v1.1.pdf\"><img decoding=\"async\" src=\"..\/wp-content\/uploads\/results\/30_30.jpg\" alt=\"\" \/><\/a><\/td>\n<td><a href=\"..\/wp-content\/uploads\/results\/r-fs-hallenmeisterschaften.pdf\"><img decoding=\"async\" src=\"..\/wp-content\/uploads\/results\/30_30.jpg\" alt=\"\" \/><\/a><\/td>\n<\/tr>\n<tr>\n<td>07.-15. Mai 2022<\/td>\n<td>\u00d6sterreichische Staatsmeisterschaften im Flossenschwimmen<\/td>\n<td>&#8211;<\/td>\n<td><a href=\"..\/wp-content\/uploads\/results\/r-fs-ostm-22.pdf\"><img decoding=\"async\" src=\"..\/wp-content\/uploads\/results\/30_30.jpg\" alt=\"\" \/><\/a><\/td>\n<\/tr>\n<\/tbody>\n<\/table>\n","protected":false},"excerpt":{"rendered":"<p>Zuk\u00fcnftige Veranstaltungen Datum Veranstaltung Ausschreibung Ergebnisse 31. Mai &#8211; 01. Juni 2025 TSV\u00d6: \u00d6sterreichische Staatsmeisterschaften &#8211; Vergangene Veranstaltungen Datum Veranstaltung Ausschreibung Ergebnisse [&hellip;]<\/p>\n","protected":false},"author":1,"featured_media":0,"parent":0,"menu_order":0,"comment_status":"closed","ping_status":"closed","template":"","meta":{"footnotes":""},"class_list":["post-1551","page","type-page","status-publish","hentry"],"_links":{"self":[{"href":"https:\/\/tauchclub-seepferdchen.at\/wordpress\/wp-json\/wp\/v2\/pages\/1551","targetHints":{"allow":["GET"]}}],"collection":[{"href":"https:\/\/tauchclub-seepferdchen.at\/wordpress\/wp-json\/wp\/v2\/pages"}],"about":[{"href":"https:\/\/tauchclub-seepferdchen.at\/wordpress\/wp-json\/wp\/v2\/types\/page"}],"author":[{"embeddable":true,"href":"https:\/\/tauchclub-seepferdchen.at\/wordpress\/wp-json\/wp\/v2\/users\/1"}],"replies":[{"embeddable":true,"href":"https:\/\/tauchclub-seepferdchen.at\/wordpress\/wp-json\/wp\/v2\/comments?post=1551"}],"version-history":[{"count":45,"href":"https:\/\/tauchclub-seepferdchen.at\/wordpress\/wp-json\/wp\/v2\/pages\/1551\/revisions"}],"predecessor-version":[{"id":1847,"href":"https:\/\/tauchclub-seepferdchen.at\/wordpress\/wp-json\/wp\/v2\/pages\/1551\/revisions\/1847"}],"wp:attachment":[{"href":"https:\/\/tauchclub-seepferdchen.at\/wordpress\/wp-json\/wp\/v2\/media?parent=1551"}],"curies":[{"name":"wp","href":"https:\/\/api.w.org\/{rel}","templated":true}]}}