{"id":931,"date":"2019-10-22T14:05:33","date_gmt":"2019-10-22T12:05:33","guid":{"rendered":"http:\/\/localhost\/wordpress\/?page_id=931"},"modified":"2022-12-04T17:10:57","modified_gmt":"2022-12-04T16:10:57","slug":"vereinsgeschichte","status":"publish","type":"page","link":"https:\/\/tauchclub-seepferdchen.at\/wordpress\/vereinsgeschichte\/","title":{"rendered":"Vereinsgeschichte"},"content":{"rendered":"<h2 style=\"text-align: left;\">Die Gr\u00fcndungsgeschichte<\/h2>\n<p style=\"font-family: verdana, geneva, arial, helvetica, sans-serif; font-size: 13.3333px;\">Die Erlebnisse einer Tauchfahrt in die \u00c4g\u00e4is hatten bei 3 Hobbytauchern, Johann Bulart, DI Dr. Heinrich Kadur und Hermann Kadasch einen derart tiefen Eindruck hinterlassen, der sie zur Gr\u00fcndung eines Tauchclubs veranlasste.<\/p>\n<p style=\"font-family: verdana, geneva, arial, helvetica, sans-serif; font-size: 13.3333px; margin-bottom: 0px;\" align=\"center\"><img loading=\"lazy\" decoding=\"async\" src=\"https:\/\/tauchclub-seepferdchen.at\/wordpress\/wp-content\/uploads\/2019\/12\/G0.jpg\" alt=\"Die erste Tauchfahrt\" width=\"368\" height=\"305\" border=\"0\" \/><\/p>\n<p>\u00a0<\/p>\n<p style=\"font-family: verdana, geneva, arial, helvetica, sans-serif; font-size: 13.3333px;\">Somit wurde am 1. J\u00e4nner 1962 der Tauchclub &#8222;Seepferdchen&#8220; als Verein f\u00fcr Unterwasserfotografie und Forschung in Linz gegr\u00fcndet. Der Gr\u00fcnder und Obmann des Vereines Johann Bulart hatte einige Schwierigkeiten zu \u00fcberwinden, bevor er die Vereinsstatuten zur Clubanmeldung den Beh\u00f6rden \u00fcbergeben konnte.<\/p>\n<p style=\"font-family: verdana, geneva, arial, helvetica, sans-serif; font-size: 13.3333px; margin-bottom: 0px;\" align=\"center\"><img loading=\"lazy\" decoding=\"async\" src=\"https:\/\/tauchclub-seepferdchen.at\/wordpress\/wp-content\/uploads\/2019\/12\/G1.jpg\" alt=\"Gr\u00fcndungsunterlagen\" width=\"287\" height=\"238\" border=\"0\" \/><\/p>\n<p>\u00a0<\/p>\n<p style=\"font-family: verdana, geneva, arial, helvetica, sans-serif; font-size: 13.3333px;\">Der Vereinsname &#8222;Seepferdchen&#8220; wurde gew\u00e4hlt, da man sich von diesem zarten Gesch\u00f6pf der Meeresfauna einige Eigenheiten abgeschaut und diese als Verhaltensweise f\u00fcr die Clubmitglieder unter Wasser ausgew\u00e4hlt hatte.<\/p>\n<p style=\"font-family: verdana, geneva, arial, helvetica, sans-serif; font-size: 13.3333px;\">Sein Benehmen und die Schwimmbewegungen sind harmonisch, bed\u00e4chtig und vorsichtig. Bevor es sich mit seiner als Greifschwanz entwickelten Schwanzflosse an einem Gegenstand festklammert, wird dieser genau abgetastet und \u00fcberpr\u00fcft.<\/p>\n<p style=\"font-family: verdana, geneva, arial, helvetica, sans-serif; font-size: 13.3333px;\">Die Gr\u00fcndungsmitglieder des Tauchclubs &#8222;Seepferdchen&#8220; besch\u00e4ftigten sich mit den Sch\u00f6nheiten der Gew\u00e4sser und Meere aller L\u00e4nder in Form von Unterwasserfotografie und Film, um dadurch dem t\u00e4glichen Stress zu entfliehen.<\/p>\n<p style=\"font-family: verdana, geneva, arial, helvetica, sans-serif; font-size: 13.3333px; margin-bottom: 0px;\" align=\"center\"><img loading=\"lazy\" decoding=\"async\" src=\"https:\/\/tauchclub-seepferdchen.at\/wordpress\/wp-content\/uploads\/2019\/12\/G2.jpg\" alt=\"Gr\u00fcndungsvorstand\" width=\"422\" height=\"254\" border=\"0\" \/><\/p>\n<p>\u00a0<\/p>\n<p style=\"font-family: verdana, geneva, arial, helvetica, sans-serif; font-size: 13.3333px;\">Im Laufe der Zeit kamen die Taucherausbildung und sportliche Sparten wie Flossenschwimmen, Orientierungstauchen und Unterwasserrugby hinzu.<\/p>\n<p>\u00a0<\/p>\n<h1 style=\"font-family: 'Trebuchet MS', verdana, arial, helvetica, sans-serif; color: #404040; font-size: 17pt; font-weight: bolder;\"><a style=\"font-family: verdana, geneva, arial, helvetica, sans-serif; color: #000080;\" name=\"6\"><\/a>1. LTC &#8211; einst und jetzt<\/h1>\n<p style=\"font-family: verdana, geneva, arial, helvetica, sans-serif; font-size: 13.3333px;\">Was geblieben ist von einst, der Geburtsstunde unseres Clubs bis jetzt &#8211; ist der Enthusiasmus, die Freude an der Natur und die Liebe zur Fauna und Flora der Welt unter Wasser, in gleichem Ma\u00dfe von damals, als begeisterungsf\u00e4hige junge M\u00e4nner unseren Club ins Leben riefen. Es war damals nicht einfach und es bedurfte einiger Entbehrungen, die Kosten f\u00fcr die notwendigen Ger\u00e4tschaften und f\u00fcr einen Tauchurlaub aufzubringen. Trotzdem wurden die Ziele sehr hoch gesteckt. Man wollte die Erlebnisse nicht nur f\u00fcr sich allein behalten, sondern auch &#8211; so wurde 1962 in einer Linzer Tageszeitung berichtet &#8211; die Linzer Bev\u00f6lkerung in Form von Unterwasser-Dia- und Filmvortr\u00e4gen teilhaben lassen.<\/p>\n<p style=\"font-family: verdana, geneva, arial, helvetica, sans-serif; font-size: 13.3333px;\">Die erste fotografische Ausbeute, die von Tauchunternehmungen im Persischen Golf und vom Mittelmeer (\u00c4gais) stammten, wurden im ehemaligen Cafe &#8222;Ortner&#8220; &#8211; dem ersten Clublokal &#8211; den begeisterten Anwesenden vorgef\u00fchrt.<\/p>\n<p style=\"font-family: verdana, geneva, arial, helvetica, sans-serif; font-size: 13.3333px;\">Vielleicht waren diese Berichte auch ausschlaggebend f\u00fcr die Gr\u00fcndung anderer Vereine in Linz, die den Tauchsport zum Ziele hatten.<\/p>\n<p style=\"font-family: verdana, geneva, arial, helvetica, sans-serif; font-size: 13.3333px;\">Dass die Begeisterung f\u00fcr eine relativ junge Sportart j\u00e4h enden kann und tiefer Best\u00fcrzung Platz machen muss, wurde uns am 13. August 1967 zur Gewissheit, als unsere beiden Kameraden Friedrich LINDNER und Dr. Herwarth RIEDL nach einem Abstieg bei der KARA ADA in der \u00c4gais nicht mehr lebend zu uns zur\u00fcckkehrten. Eine in den Felsen der Steilk\u00fcste eingelassene Gedenktafel erinnert an unsere Kameraden.<\/p>\n<p style=\"font-family: verdana, geneva, arial, helvetica, sans-serif; font-size: 13.3333px;\">An eine Beteiligung an sportlichen Bewerben hatte man damals noch nicht gedacht, im Gegenteil, der Vereinsvorstand beschloss, dass man nicht beabsichtige, irgendwelche Tauchrekorde aufzustellen, &#8222;gleichg\u00fcltig ob andere Tauchclubs diesbez\u00fcglich von sich reden machen&#8220;.<\/p>\n<p style=\"font-family: verdana, geneva, arial, helvetica, sans-serif; font-size: 13.3333px;\">Was in den Gr\u00fcndungszeiten noch Wunschtr\u00e4ume waren, hat sich in den folgenden Jahren allm\u00e4hlich entwickelt.<\/p>\n<p style=\"font-family: verdana, geneva, arial, helvetica, sans-serif; font-size: 13.3333px;\">Aufgrund einer Entscheidung des Vorstandes einerseits, auch sportliche Bewerbe durchzuf\u00fchren, und andererseits die Forschung denen zu \u00fcberlassen, die dazu berufen sind, war eine \u00c4nderung des Vereinsnamens notwendig. Seit 1980 hei\u00dft nun unser bereits \u00fcber 200 Mitglieder z\u00e4hlender Club &#8222;1. Linzer Tauchclub Seepferdchen&#8220;.<\/p>\n<p style=\"font-family: verdana, geneva, arial, helvetica, sans-serif; font-size: 13.3333px;\">Der Club ist eine Institution geworden, ausgestattet mit allen Erfordernissen einer Vereinigung, die es gleichgesinnten Menschen erm\u00f6glicht, ihrer Liebe zu dieser Sportart zu fr\u00f6hnen und die ihnen auch alle M\u00f6glichkeiten der Aus\u00fcbung der Unterwasserfotografie und Filmerei, sowie der wettbewerbsm\u00e4ssigen Bet\u00e4tigung, wir UW-Rugby, Flossenschwimmen, Strecken- und Orientierungstauchen bietet.<\/p>\n<p style=\"font-family: verdana, geneva, arial, helvetica, sans-serif; font-size: 13.3333px;\">Ein Ger\u00e4tepark mit kompletten Tauchausr\u00fcstungen (Jacket, Regler, PTG), einer Pressluftflaschenpr\u00fcfstation, sowie leistungsf\u00e4hige Kompressoren stehen in clubeigenenen R\u00e4umen f\u00fcr die Mitglieder bereit. Ein gro\u00dfes Schlauchboot f\u00fcr 20 Mann Besatzung vervollst\u00e4ndigt das umfangreiche Ausr\u00fcstungsangebot.<\/p>\n<p style=\"font-family: verdana, geneva, arial, helvetica, sans-serif; font-size: 13.3333px;\">F\u00fcr die Ausbildung neuer Mitglieder stehen der Vereinsarzt, sowie Tauchlehrer(innen) zur Verf\u00fcgung. In regelm\u00e4\u00dfigen Zeitabst\u00e4nden werden theoretische und praktische Unterweisungen durchgef\u00fchrt, beginnend mit den Schnorchelkursen und in weiterer Folge mit den Kursen f\u00fcr die internationale Brevet-Pr\u00fcfung.<\/p>\n<h1 style=\"font-family: 'Trebuchet MS', verdana, arial, helvetica, sans-serif; color: #404040; font-size: 17pt; font-weight: bolder;\"><a style=\"font-family: verdana, geneva, arial, helvetica, sans-serif; color: #000080;\" name=\"7\"><\/a>Neptunfeier<\/h1>\n<p style=\"font-family: verdana, geneva, arial, helvetica, sans-serif; font-size: 13.3333px;\">Die Brevetpr\u00fcfung alleine gen\u00fcgt nicht, um in das &#8222;Reich Neptuns&#8220; eindringen zu d\u00fcrfen. Vielmehr erfordert es noch die Erlaubnis Neptuns.<\/p>\n<p style=\"font-family: verdana, geneva, arial, helvetica, sans-serif; font-size: 13.3333px;\">Um diese zu bekommen, versammeln sich alle Tauchsch\u00fcler nach Abschlu\u00df der Brevetpr\u00fcfung meist Mitte September, am Pichlingersee, wo mit Hilfe der &#8222;Wurzeln&#8220; (Gehilfen Neptuns), Neptun aus seinem Reich geholt wird. Dies geschieht, indem die Sch\u00fclerschar unter Anleitung der Wurzeln im Chor &#8222;Neptun erscheine&#8220; ruft. Wenn dies laut genug ist, entsteigt Neptun seinem Element und ist immer wieder \u00fcber die vielen neuen Eindringlinge erstaunt.<\/p>\n<p style=\"font-family: verdana, geneva, arial, helvetica, sans-serif; font-size: 13.3333px;\">Danach beginnen die Wurzeln mit der Zubereitung des Neptuntrankes, dessen Rezept bis zur Neptuntaufe streng geh\u00fctet wird, um die Sch\u00fcler nicht abzuschrecken. Nachdem der Trank gebraut ist, knien die Sch\u00fcler nieder, bekommen den Schnorchel, auf welchem ein Trichter befestigt ist, in den Mund, und durch diesen den Neptuntrank verabreicht.<\/p>\n<p><img loading=\"lazy\" decoding=\"async\" style=\"font-family: verdana, geneva, arial, helvetica, sans-serif; font-size: 13.3333px; float: right;\" src=\"https:\/\/tauchclub-seepferdchen.at\/wordpress\/wp-content\/uploads\/2019\/12\/G3.jpg\" alt=\"Neptunfeier\" width=\"159\" height=\"197\" border=\"0\" \/><\/p>\n<p style=\"font-family: verdana, geneva, arial, helvetica, sans-serif; font-size: 13.3333px;\">Die Menge des Trankes ist von verschiedenen Faktoren abh\u00e4ngig. Es wird z.B. genau ber\u00fccksichtigt, wie sich jemand w\u00e4hrend der Ausbildung verhalten hat. &#8222;Besonders&#8220; bedacht werden auch alle jene, die schon vor der Ausbildung &#8222;schwarz&#8220; getaucht haben. Da auch alles immer genau registriert wird, ist es beinahe unm\u00f6glich, der Taufe zu entgehen. Es ist auch schon so mancher v\u00f6llig unerwartet nach vielen Jahren erwischt und mit einem Extraschluck bedacht worden.<\/p>\n<p style=\"font-family: verdana, geneva, arial, helvetica, sans-serif; font-size: 13.3333px;\">Nachdem alle anwesenden Sch\u00fcler getauft wurden, verabschiedet sich Neptun mit den mahnenden Worten, R\u00fccksicht gegen\u00fcber allen wasserbewohnenden Lebewesen walten zu lassen und sein Reich nicht zu verschmutzen.<\/p>\n<p style=\"font-family: verdana, geneva, arial, helvetica, sans-serif; font-size: 13.3333px;\">Weiters w\u00fcnscht er allen gleich viele Auf- wie Abstiege und hofft, wieder f\u00fcr lange Zeit nicht gest\u00f6rt zu werden.<\/p>\n<h1 style=\"font-family: 'Trebuchet MS', verdana, arial, helvetica, sans-serif; color: #404040; font-size: 17pt; font-weight: bolder;\"><a style=\"font-family: verdana, geneva, arial, helvetica, sans-serif; color: #000080;\" name=\"8\"><\/a>Reisen und Expeditionen der Mitglieder des 1. LTC<\/h1>\n<p style=\"font-family: verdana, geneva, arial, helvetica, sans-serif; font-size: 13.3333px; margin-bottom: 0px;\" align=\"center\"><img loading=\"lazy\" decoding=\"async\" src=\"https:\/\/tauchclub-seepferdchen.at\/wordpress\/wp-content\/uploads\/2019\/12\/G4.jpg\" alt=\"Reisen\" width=\"173\" height=\"182\" border=\"0\" \/><\/p>\n<p style=\"font-family: verdana, geneva, arial, helvetica, sans-serif; font-size: 13.3333px;\">Die erste Expedition erfolgte bereits im Gr\u00fcndungsjahr 1962:<\/p>\n<p style=\"font-family: verdana, geneva, arial, helvetica, sans-serif; font-size: 13.3333px;\">Der Obmann Bulart Johann und das Mitglied Pisterna Hans Joachim flogen von Wien nach Dubai und fuhren dann mit dem Schiff zur S\u00fcdspitze des persischen Golfes. Weiters wurde der Indische Ozean aufgesucht.<\/p>\n<p style=\"font-family: verdana, geneva, arial, helvetica, sans-serif; font-size: 13.3333px;\">Sie studierten unter anderem die Gewohnheiten der Haie und Barrakudas und stellten Versuche verschiedener Art an, um so mit eigener Erfahrung jenen Mitgliedern zu helfen, welche noch nicht mit dem tropischen Meer in Ber\u00fchrung gekommen waren.<br \/>Nebenbei sei noch bemerkt, dass die beiden Abenteurer als erste Ober\u00f6sterreicher die Sandw\u00fcste Ruba el Kuli durchquerten.<\/p>\n<p style=\"font-family: verdana, geneva, arial, helvetica, sans-serif; font-size: 13.3333px;\">Damals hatten die beiden so manchen Kampf mit den Beh\u00f6rden und auch Schwierigkeiten finanzieller und organisatorischer Art zu bestehen, bevor das Abenteuer beginnen konnte.<\/p>\n<p style=\"font-family: verdana, geneva, arial, helvetica, sans-serif; font-size: 13.3333px;\">W\u00e4hrend die Anreise selbst damals ein Abenteuer darstellte, ist diese durch den technischen Fortschritt heute selbstverst\u00e4ndlich und es ist m\u00f6glich, entfernte Ziele in k\u00fcrzester Zeit bequem zu erreichen.<\/p>\n<p style=\"font-family: verdana, geneva, arial, helvetica, sans-serif; font-size: 13.3333px;\">Die in den monatlichen Clubabenden gezeigten Filme und Diavortr\u00e4ge zeigen, dass die Mitglieder unseres Clubs beinahe schon in allen Gew\u00e4ssern und Meeren unserer Welt getaucht haben. So wurden unter anderen schon Vortr\u00e4ge \u00fcber das Mittelmeer, den Atlantik, das Rote Meer, die Karibik und den Everglades in Florida gezeigt.<\/p>\n<p style=\"font-family: verdana, geneva, arial, helvetica, sans-serif; font-size: 13.3333px; margin-bottom: 0px;\" align=\"center\"><img loading=\"lazy\" decoding=\"async\" src=\"https:\/\/tauchclub-seepferdchen.at\/wordpress\/wp-content\/uploads\/2019\/12\/G5A.gif\" alt=\"Reisen\" width=\"280\" height=\"184\" border=\"0\" \/><img loading=\"lazy\" decoding=\"async\" src=\"https:\/\/tauchclub-seepferdchen.at\/wordpress\/wp-content\/uploads\/2019\/12\/G5B.gif\" alt=\"Reisen\" width=\"280\" height=\"184\" border=\"0\" \/><\/p>\n<p style=\"font-family: verdana, geneva, arial, helvetica, sans-serif; font-size: 13.3333px;\">Durch diese Vortr\u00e4ge werden Erfahrungen und Informationen \u00fcber Besonderheiten weitergegeben und au\u00dferdem bekommen viele Tauchneulinge Fernweh.<\/p>\n<p style=\"font-family: verdana, geneva, arial, helvetica, sans-serif; font-size: 13.3333px;\">Es dauert meist nicht lange, bis sich bei einer von einem Clubmitglied organisierten Tauchreise weitere anschlie\u00dfen und Tauchg\u00e4nge in fernen Tauchgebieten genie\u00dfen k\u00f6nnen.<\/p>\n<p style=\"font-family: verdana, geneva, arial, helvetica, sans-serif; font-size: 13.3333px;\">Wir alle, die in der Farbenpracht der tropischen Meere und in anderen Gew\u00e4ssern unsere &#8222;Erlebnissucht&#8220; stillen, hoffen, dass die Menschheit durch Verst\u00e4ndnis und sorgsamen Umgang mit der Natur diese Wunderwelt erhalten m\u00f6ge.<\/p>\n<h1 style=\"font-family: 'Trebuchet MS', verdana, arial, helvetica, sans-serif; color: #404040; font-size: 17pt; font-weight: bolder;\"><a style=\"font-family: verdana, geneva, arial, helvetica, sans-serif; color: #000080;\" name=\"9\"><\/a>Clubreise Pula &#8211; Geschichte<\/h1>\n<p style=\"font-family: verdana, geneva, arial, helvetica, sans-serif; font-size: 13.3333px;\">Unsere Pula-Clubreisen stellt schon seit l\u00e4ngerem schon eine Art Tradition dar. Seit 1973 fahren einige Clubmitglieder Ende Mai und Anfang September nach Pula.<\/p>\n<p style=\"font-family: verdana, geneva, arial, helvetica, sans-serif; font-size: 13.3333px; margin-bottom: 0px;\" align=\"center\"><img loading=\"lazy\" decoding=\"async\" src=\"https:\/\/tauchclub-seepferdchen.at\/wordpress\/wp-content\/uploads\/2019\/12\/G6.jpg\" alt=\"Clubreise Pula\" width=\"289\" height=\"169\" border=\"0\" \/><img loading=\"lazy\" decoding=\"async\" src=\"https:\/\/tauchclub-seepferdchen.at\/wordpress\/wp-content\/uploads\/2019\/12\/G7.gif\" alt=\"Clubreise Pula\" width=\"278\" height=\"187\" border=\"0\" \/><\/p>\n<p>\u00a0<\/p>\n<p style=\"font-family: verdana, geneva, arial, helvetica, sans-serif; font-size: 13.3333px;\">Die bevorzugten Tauchpl\u00e4tze sind das Gebiet um die drei vorgelagerten Fraskainseln. Es herrscht f\u00fcr das Mittelmeer klare Sicht, die es erm\u00f6glicht, die dort vorkommenden Tiere, im besonderen Schalentiere, Schnecken, R\u00f6hrenw\u00fcrmer und sogar Seepferdchen zu beobachten. Besonders f\u00fcr die Tauchneulinge, die zum ersten Mal nach bestandener Brevet-Pr\u00fcfung im Meer tauchen, stellt dies ein besonderes Erlebnis dar.<\/p>\n<p style=\"font-family: verdana, geneva, arial, helvetica, sans-serif; font-size: 13.3333px;\">Diese Clubreise ist bei den Mitgliedern sehr beliebt, da die Gemeinschaft nicht nur durch das Tauchen, sondern auch durch gemeinsame Ausfl\u00fcge zu den Kulturst\u00e4tten, sowie durch gesellige Abende beim Genuss von Meeresfr\u00fcchten und einheimischen Speisen gepflegt wird.<\/p>\n<h1 style=\"font-family: 'Trebuchet MS', verdana, arial, helvetica, sans-serif; color: #404040; font-size: 17pt; font-weight: bolder;\">30-Jahr Feier<\/h1>\n<p><iframe loading=\"lazy\" title=\"1.LTC Taucherball 1992\" width=\"1170\" height=\"878\" src=\"https:\/\/www.youtube.com\/embed\/dZUQlLO-vSk?feature=oembed\" frameborder=\"0\" allow=\"accelerometer; autoplay; clipboard-write; encrypted-media; gyroscope; picture-in-picture\" allowfullscreen><\/iframe><\/p>\n<p>https:\/\/youtube.com\/watch?v=dZUQlLO-vSk%2522<\/p>\n","protected":false},"excerpt":{"rendered":"<p>Die Gr\u00fcndungsgeschichte Die Erlebnisse einer Tauchfahrt in die \u00c4g\u00e4is hatten bei 3 Hobbytauchern, Johann Bulart, DI Dr. Heinrich Kadur und Hermann Kadasch [&hellip;]<\/p>\n","protected":false},"author":1,"featured_media":0,"parent":0,"menu_order":0,"comment_status":"closed","ping_status":"closed","template":"","meta":{"footnotes":""},"class_list":["post-931","page","type-page","status-publish","hentry"],"_links":{"self":[{"href":"https:\/\/tauchclub-seepferdchen.at\/wordpress\/wp-json\/wp\/v2\/pages\/931","targetHints":{"allow":["GET"]}}],"collection":[{"href":"https:\/\/tauchclub-seepferdchen.at\/wordpress\/wp-json\/wp\/v2\/pages"}],"about":[{"href":"https:\/\/tauchclub-seepferdchen.at\/wordpress\/wp-json\/wp\/v2\/types\/page"}],"author":[{"embeddable":true,"href":"https:\/\/tauchclub-seepferdchen.at\/wordpress\/wp-json\/wp\/v2\/users\/1"}],"replies":[{"embeddable":true,"href":"https:\/\/tauchclub-seepferdchen.at\/wordpress\/wp-json\/wp\/v2\/comments?post=931"}],"version-history":[{"count":12,"href":"https:\/\/tauchclub-seepferdchen.at\/wordpress\/wp-json\/wp\/v2\/pages\/931\/revisions"}],"predecessor-version":[{"id":1583,"href":"https:\/\/tauchclub-seepferdchen.at\/wordpress\/wp-json\/wp\/v2\/pages\/931\/revisions\/1583"}],"wp:attachment":[{"href":"https:\/\/tauchclub-seepferdchen.at\/wordpress\/wp-json\/wp\/v2\/media?parent=931"}],"curies":[{"name":"wp","href":"https:\/\/api.w.org\/{rel}","templated":true}]}}