{"id":937,"date":"2019-10-22T14:08:22","date_gmt":"2019-10-22T12:08:22","guid":{"rendered":"http:\/\/localhost\/wordpress\/?page_id=937"},"modified":"2023-12-20T17:42:53","modified_gmt":"2023-12-20T16:42:53","slug":"archivtauchen","status":"publish","type":"page","link":"https:\/\/tauchclub-seepferdchen.at\/wordpress\/archivtauchen\/","title":{"rendered":"ArchivTauchen"},"content":{"rendered":"<h1>2023 <\/h1>\n<h3>Xmas Tauchen am Pichlingersee<\/h3>\n<style>\n.picTable {border: none;}<br \/><\/style>\n<table>\n<tbody>\n<tr>\n<td><img loading=\"lazy\" decoding=\"async\" src=\"https:\/\/tauchclub-seepferdchen.at\/wordpress\/wp-content\/uploads\/2023\/12\/tauchen_weihnachten_01.jpeg\" alt=\"\" width=\"300\" height=\"169\" \/><\/td>\n<td><img loading=\"lazy\" decoding=\"async\" src=\"https:\/\/tauchclub-seepferdchen.at\/wordpress\/wp-content\/uploads\/2023\/12\/tauchen_weihnachten_02.jpeg\" alt=\"\" width=\"300\" height=\"169\" \/><\/td>\n<\/tr>\n<\/tbody>\n<\/table>\n<h4>Archiv<\/h4>\n<h2 id=\"elementor-tab-title-1021\" data-tab=\"1\" role=\"button\" aria-controls=\"elementor-tab-content-1021\" aria-expanded=\"false\">\n\t\t\t\t\t\t\t\t\t\t\t\t<a tabindex=\"0\">2022 &#8211; Xmas Tauchen am Pichlingersee<\/a><br \/>\n\t\t\t\t\t<\/h2>\n<style>\n.picTable {border: none;}<br \/><\/style>\n<table>\n<tbody>\n<tr>\n<td><\/td>\n<td><img loading=\"lazy\" decoding=\"async\" src=\"https:\/\/tauchclub-seepferdchen.at\/wordpress\/wp-content\/uploads\/2022\/12\/Tauchen_X-Mas_2022_07-300x169.jpeg\" alt=\"\" width=\"300\" height=\"169\" \/><\/td>\n<td><\/td>\n<\/tr>\n<tr>\n<td><img loading=\"lazy\" decoding=\"async\" src=\"https:\/\/tauchclub-seepferdchen.at\/wordpress\/wp-content\/uploads\/2022\/12\/Tauchen_X-Mas_2022_08-300x225.jpeg\" alt=\"\" width=\"300\" height=\"225\" \/><\/td>\n<td><img loading=\"lazy\" decoding=\"async\" src=\"https:\/\/tauchclub-seepferdchen.at\/wordpress\/wp-content\/uploads\/2022\/12\/Tauchen_X-Mas_2022_06-300x169.jpeg\" alt=\"\" width=\"300\" height=\"169\" \/><\/td>\n<td><img loading=\"lazy\" decoding=\"async\" src=\"https:\/\/tauchclub-seepferdchen.at\/wordpress\/wp-content\/uploads\/2022\/12\/Tauchen_X-Mas_2022_02-300x169.jpeg\" alt=\"\" width=\"300\" height=\"169\" \/><\/td>\n<\/tr>\n<tr>\n<td><img loading=\"lazy\" decoding=\"async\" src=\"https:\/\/tauchclub-seepferdchen.at\/wordpress\/wp-content\/uploads\/2022\/12\/Tauchen_X-Mas_2022_03-300x169.jpeg\" alt=\"\" width=\"300\" height=\"169\" \/><\/td>\n<td><img loading=\"lazy\" decoding=\"async\" src=\"https:\/\/tauchclub-seepferdchen.at\/wordpress\/wp-content\/uploads\/2022\/12\/Tauchen_X-Mas_2022_04-300x169.jpeg\" alt=\"\" width=\"300\" height=\"169\" \/><\/td>\n<td><img loading=\"lazy\" decoding=\"async\" src=\"https:\/\/tauchclub-seepferdchen.at\/wordpress\/wp-content\/uploads\/2022\/12\/Tauchen_X-Mas_2022_01-300x169.jpeg\" alt=\"\" width=\"300\" height=\"169\" \/><\/td>\n<\/tr>\n<tr>\n<td><img loading=\"lazy\" decoding=\"async\" src=\"https:\/\/tauchclub-seepferdchen.at\/wordpress\/wp-content\/uploads\/2023\/02\/07233dac10e81ede757ceadbaa211b77.png\" alt=\"\" width=\"300\" height=\"169\" \/><\/td>\n<td><img loading=\"lazy\" decoding=\"async\" src=\"https:\/\/tauchclub-seepferdchen.at\/wordpress\/wp-content\/uploads\/2023\/02\/0d629f5e17beab21b44d89002fe4b7d8.png\" alt=\"\" width=\"300\" height=\"169\" \/><\/td>\n<td><img loading=\"lazy\" decoding=\"async\" src=\"https:\/\/tauchclub-seepferdchen.at\/wordpress\/wp-content\/uploads\/2023\/02\/2e22268f6ba7ece87cbfaa57488b20ea.png\" alt=\"\" width=\"300\" height=\"169\" \/><\/td>\n<\/tr>\n<tr>\n<td><img loading=\"lazy\" decoding=\"async\" src=\"https:\/\/tauchclub-seepferdchen.at\/wordpress\/wp-content\/uploads\/2023\/02\/40dde041820238e0c3d1903e4d107691.png\" alt=\"\" width=\"300\" height=\"169\" \/><\/td>\n<td><img loading=\"lazy\" decoding=\"async\" src=\"https:\/\/tauchclub-seepferdchen.at\/wordpress\/wp-content\/uploads\/2023\/02\/a1cfd2e9832e08764ead43b45adab8be.png\" alt=\"\" width=\"300\" height=\"169\" \/><\/td>\n<td><img loading=\"lazy\" decoding=\"async\" src=\"https:\/\/tauchclub-seepferdchen.at\/wordpress\/wp-content\/uploads\/2023\/02\/a42d8682a43a4984171baf73066982f8.png\" alt=\"\" width=\"300\" height=\"169\" \/><\/td>\n<\/tr>\n<tr>\n<td><img loading=\"lazy\" decoding=\"async\" src=\"https:\/\/tauchclub-seepferdchen.at\/wordpress\/wp-content\/uploads\/2023\/02\/b99c188fd66404a42ec70e10617c5259.png\" alt=\"\" width=\"300\" height=\"169\" \/><\/td>\n<td><img loading=\"lazy\" decoding=\"async\" src=\"https:\/\/tauchclub-seepferdchen.at\/wordpress\/wp-content\/uploads\/2023\/02\/c46af9131dce51d71677293caa26d4ae.png\" alt=\"\" width=\"300\" height=\"169\" \/><\/td>\n<td><img loading=\"lazy\" decoding=\"async\" src=\"https:\/\/tauchclub-seepferdchen.at\/wordpress\/wp-content\/uploads\/2023\/02\/f9fcb0c974746a1d63bdc3d62c8b438c.png\" alt=\"\" width=\"300\" height=\"169\" \/><\/td>\n<\/tr>\n<\/tbody>\n<\/table>\n<h2 id=\"elementor-tab-title-1022\" data-tab=\"2\" role=\"button\" aria-controls=\"elementor-tab-content-1022\" aria-expanded=\"false\">\n\t\t\t\t\t\t\t\t\t\t\t\t<a tabindex=\"0\">2020<\/a><br \/>\n\t\t\t\t\t<\/h2>\n<p>Nitrox Kurs . am Fr, 6. M\u00e4rz 2020, 18h\u00a0 Kosten: Eur 60, Dauer ca 2-3 Std.<\/p>\n<h2 id=\"elementor-tab-title-1023\" data-tab=\"3\" role=\"button\" aria-controls=\"elementor-tab-content-1023\" aria-expanded=\"false\">\n\t\t\t\t\t\t\t\t\t\t\t\t<a tabindex=\"0\">2019<\/a><br \/>\n\t\t\t\t\t<\/h2>\n<p>\t\t\t\t\t<a href=\"https:\/\/tauchclub-seepferdchen.at\/wordpress\/finswimming\/neuheiten\/#salzburgCup18\">Staatsmeisterschaften in Linz<\/a><br \/>\nPresseberichte, Ergebnisse, Fotos der Staatsmeisterschaften in Linz 2019<\/p>\n<h2 id=\"elementor-tab-title-1024\" data-tab=\"4\" role=\"button\" aria-controls=\"elementor-tab-content-1024\" aria-expanded=\"false\">\n\t\t\t\t\t\t\t\t\t\t\t\t<a tabindex=\"0\">2018<\/a><br \/>\n\t\t\t\t\t<\/h2>\n<p>\t\t\t\t\tNeuer Treffpunkt<br \/>\nXmas Tauchen<br \/>\n<strong>Danke GRETE !<br \/>\n<\/strong>Grete hat nach 46 Jahren im Vorstand des Vereins ihre T\u00e4tigkeit zur\u00fcckgelegt. Sie war eine tragende S\u00e4ule unseres Clubs. Ihr wurde die Ehrenmitgliedschaft verliehen.\u00a0<br \/>\n<strong>Antauchen<\/strong><br \/>\nViele neue News unserer Sportler<br \/>\nTauchkurs Infoabend<\/p>\n","protected":false},"excerpt":{"rendered":"<p>2023 Xmas Tauchen am Pichlingersee Archiv 2022 &#8211; Xmas Tauchen am Pichlingersee 2020 Nitrox Kurs . am Fr, 6. M\u00e4rz 2020, 18h\u00a0 [&hellip;]<\/p>\n","protected":false},"author":1,"featured_media":0,"parent":0,"menu_order":0,"comment_status":"closed","ping_status":"closed","template":"","meta":{"footnotes":""},"class_list":["post-937","page","type-page","status-publish","hentry"],"_links":{"self":[{"href":"https:\/\/tauchclub-seepferdchen.at\/wordpress\/wp-json\/wp\/v2\/pages\/937","targetHints":{"allow":["GET"]}}],"collection":[{"href":"https:\/\/tauchclub-seepferdchen.at\/wordpress\/wp-json\/wp\/v2\/pages"}],"about":[{"href":"https:\/\/tauchclub-seepferdchen.at\/wordpress\/wp-json\/wp\/v2\/types\/page"}],"author":[{"embeddable":true,"href":"https:\/\/tauchclub-seepferdchen.at\/wordpress\/wp-json\/wp\/v2\/users\/1"}],"replies":[{"embeddable":true,"href":"https:\/\/tauchclub-seepferdchen.at\/wordpress\/wp-json\/wp\/v2\/comments?post=937"}],"version-history":[{"count":47,"href":"https:\/\/tauchclub-seepferdchen.at\/wordpress\/wp-json\/wp\/v2\/pages\/937\/revisions"}],"predecessor-version":[{"id":1784,"href":"https:\/\/tauchclub-seepferdchen.at\/wordpress\/wp-json\/wp\/v2\/pages\/937\/revisions\/1784"}],"wp:attachment":[{"href":"https:\/\/tauchclub-seepferdchen.at\/wordpress\/wp-json\/wp\/v2\/media?parent=937"}],"curies":[{"name":"wp","href":"https:\/\/api.w.org\/{rel}","templated":true}]}}