{"id":940,"date":"2019-10-22T14:14:17","date_gmt":"2019-10-22T12:14:17","guid":{"rendered":"http:\/\/localhost\/wordpress\/?page_id=940"},"modified":"2023-11-04T17:52:06","modified_gmt":"2023-11-04T16:52:06","slug":"vorstand","status":"publish","type":"page","link":"https:\/\/tauchclub-seepferdchen.at\/wordpress\/vorstand\/","title":{"rendered":"Vorstand"},"content":{"rendered":"<h4>Vorstand<\/h4>\n<p>\t\t\t\t\t\t\t\t\t\t\t\t<a tabindex=\"0\">Obmann<\/a><\/p>\n<p>Thomas Hackl<\/p>\n<p>\t\t\t\t\t\t\t\t\t\t\t\t<a tabindex=\"0\">Obmann-Stellvertreter<\/a><\/p>\n<p>Hans Rametsteiner<\/p>\n<p>\t\t\t\t\t\t\t\t\t\t\t\t<a tabindex=\"0\">Kassier<\/a><\/p>\n<p>Markus Frank<\/p>\n<p>\t\t\t\t\t\t\t\t\t\t\t\t<a tabindex=\"0\">Schriftf\u00fchrerin<\/a><\/p>\n<p>Daniela Frank<\/p>\n<p>\t\t\t\t\t\t\t\t\t\t\t\t<a tabindex=\"0\">Trainings- und Ausbildungsleiter<\/a><\/p>\n<p>Thomas Hackl<\/p>\n<p>\t\t\t\t\t\t\t\t\t\t\t\t<a tabindex=\"0\">Ger\u00e4tewart<\/a><\/p>\n<p>Hans Rametsteiner<\/p>\n<p>\t\t\t\t\t\t\t\t\t\t\t\t<a tabindex=\"0\">Ger\u00e4tewart-Stellvertreter<\/a><\/p>\n<p>Bruno Possliner<\/p>\n<p>\t\t\t\t\t\t\t\t\t\t\t\t<a tabindex=\"0\">Webmaster<\/a><\/p>\n<p>Philipp Espernberger<\/p>\n<h4>Rechnungspr\u00fcfer<\/h4>\n<p>\t\t\t\t\t\t\t\t\t\t\t\t<a tabindex=\"0\">Rechnungspr\u00fcfer<\/a><\/p>\n<p>Max Hormaier, Bruno Prossliner<\/p>\n<p style=\"text-align: center;\">Vorstand wurde bei der Generalversammlung am 07.11.2019 gew\u00e4hlt<\/p>\n<h4>Ausbildung<\/h4>\n<p>F\u00fcr etwaige Fragen und Ausk\u00fcnfte stehen wir Ihnen gerne zur Verf\u00fcgung.<br \/><b>E-Mail:<\/b> <a style=\"color: #333333;\" href=\"mailto:ltc.seepferdchen@gmail.com\">ltc.seepferdchen@gmail.com<\/a><\/p>\n<h4>Homepage<\/h4>\n<p> Fragen bez\u00fcglich des Aufbaus bzw. des Inhalts wenden Sie sich bitte an folgen Adresse.<br \/><b>E-Mail:<\/b>\u00a0<a style=\"color: #333333;\" href=\"mailto:webmaster@tauchclub-seepferdchen.at\">webmaster@tauchclub-seepferdchen.at<\/a><\/p>\n<h4>Anschrift<\/h4>\n<p>1. LTC Seepferdchen<br \/>Getreidestra\u00dfe 1a<br \/>4050 Traun<br \/><b>E-Mail:<\/b> <a style=\"color: #333333;\" href=\"mailto:ltc.seepferdchen@gmail.com\">ltc.seepferdchen@gmail.com<\/a><\/p>\n<h4>Anmeldung TAUCHKURS<br \/><\/h4>\n<p><a style=\"color: #333333;\" href=\"http:\/\/thomas-hackl.at\/\">Hackl Thomas<\/a><br \/>Tel: 0664 3527816<br \/>E-Mail:\u00a0<a style=\"color: #333333;\" href=\"mailto:ltc.seepferdchen@gmail.com\">ltc.seepferdchen@gmail.com<\/a><\/p>\n","protected":false},"excerpt":{"rendered":"<p>Vorstand Obmann Thomas Hackl Obmann-Stellvertreter Hans Rametsteiner Kassier Markus Frank Schriftf\u00fchrerin Daniela Frank Trainings- und Ausbildungsleiter Thomas Hackl Ger\u00e4tewart Hans Rametsteiner Ger\u00e4tewart-Stellvertreter [&hellip;]<\/p>\n","protected":false},"author":1,"featured_media":0,"parent":0,"menu_order":0,"comment_status":"closed","ping_status":"closed","template":"","meta":{"footnotes":""},"class_list":["post-940","page","type-page","status-publish","hentry"],"_links":{"self":[{"href":"https:\/\/tauchclub-seepferdchen.at\/wordpress\/wp-json\/wp\/v2\/pages\/940","targetHints":{"allow":["GET"]}}],"collection":[{"href":"https:\/\/tauchclub-seepferdchen.at\/wordpress\/wp-json\/wp\/v2\/pages"}],"about":[{"href":"https:\/\/tauchclub-seepferdchen.at\/wordpress\/wp-json\/wp\/v2\/types\/page"}],"author":[{"embeddable":true,"href":"https:\/\/tauchclub-seepferdchen.at\/wordpress\/wp-json\/wp\/v2\/users\/1"}],"replies":[{"embeddable":true,"href":"https:\/\/tauchclub-seepferdchen.at\/wordpress\/wp-json\/wp\/v2\/comments?post=940"}],"version-history":[{"count":29,"href":"https:\/\/tauchclub-seepferdchen.at\/wordpress\/wp-json\/wp\/v2\/pages\/940\/revisions"}],"predecessor-version":[{"id":1748,"href":"https:\/\/tauchclub-seepferdchen.at\/wordpress\/wp-json\/wp\/v2\/pages\/940\/revisions\/1748"}],"wp:attachment":[{"href":"https:\/\/tauchclub-seepferdchen.at\/wordpress\/wp-json\/wp\/v2\/media?parent=940"}],"curies":[{"name":"wp","href":"https:\/\/api.w.org\/{rel}","templated":true}]}}